{"id":16,"date":"2025-01-26T18:37:58","date_gmt":"2025-01-26T17:37:58","guid":{"rendered":"https:\/\/xn--trksporeppingen-zvb.de\/?page_id=16"},"modified":"2025-01-30T20:49:38","modified_gmt":"2025-01-30T19:49:38","slug":"verein","status":"publish","type":"page","link":"https:\/\/xn--trksporeppingen-zvb.de\/?page_id=16","title":{"rendered":"Verein"},"content":{"rendered":"\t\t<div data-elementor-type=\"wp-page\" data-elementor-id=\"16\" class=\"elementor elementor-16\">\n\t\t\t\t<div class=\"elementor-element elementor-element-627dd64 e-flex e-con-boxed e-con e-parent\" data-id=\"627dd64\" data-element_type=\"container\">\n\t\t\t\t\t<div class=\"e-con-inner\">\n\t\t\t\t<div class=\"elementor-element elementor-element-1bc914b elementor-widget elementor-widget-heading\" data-id=\"1bc914b\" data-element_type=\"widget\" data-widget_type=\"heading.default\">\n\t\t\t\t<div class=\"elementor-widget-container\">\n\t\t\t\t\t<h2 class=\"elementor-heading-title elementor-size-default\">Geschichte des Vereins T\u00fcrkspor Eppingen<\/h2>\t\t\t\t<\/div>\n\t\t\t\t<\/div>\n\t\t\t\t\t<\/div>\n\t\t\t\t<\/div>\n\t\t<div class=\"elementor-element elementor-element-958c96b e-flex e-con-boxed e-con e-parent\" data-id=\"958c96b\" data-element_type=\"container\">\n\t\t\t\t\t<div class=\"e-con-inner\">\n\t\t\t\t<div class=\"elementor-element elementor-element-debc097 elementor-widget elementor-widget-text-editor\" data-id=\"debc097\" data-element_type=\"widget\" data-widget_type=\"text-editor.default\">\n\t\t\t\t<div class=\"elementor-widget-container\">\n\t\t\t\t\t\t\t\t\t<p>Seit 1995 in Eppingen aktiv, steht unsere Mannschaft f\u00fcr Leidenschaft, Zusammenhalt und Erfolg. Mit einer starken Gemeinschaft und einem gro\u00dfen Einzugsgebiet sind wir \u00fcber die Stadtgrenzen hinaus bekannt.<br \/>Ob Liga, Pokal, Stadtmeisterschaften oder Turniere \u2013 wir geben alles und feiern gemeinsam. Auch bei Stadtfesten, Vereins- und sozialen Events leben wir unseren Teamgeist.<br \/>Wir sind mehr als ein Team \u2013 wir sind eine Familie, die w\u00e4chst und bewegt!<\/p>\t\t\t\t\t\t\t\t<\/div>\n\t\t\t\t<\/div>\n\t\t\t\t<div class=\"elementor-element elementor-element-3d9f50a elementor-widget elementor-widget-image\" data-id=\"3d9f50a\" data-element_type=\"widget\" data-widget_type=\"image.default\">\n\t\t\t\t<div class=\"elementor-widget-container\">\n\t\t\t\t\t\t\t\t\t\t\t\t\t\t\t<img fetchpriority=\"high\" decoding=\"async\" width=\"1024\" height=\"691\" src=\"https:\/\/t\u00fcrksporeppingen.de\/wp-content\/uploads\/2025\/01\/PHOTO-2024-12-19-20-34-24-1024x691.jpg\" class=\"attachment-large size-large wp-image-44\" alt=\"Team\" srcset=\"https:\/\/t\u00fcrksporeppingen.de\/wp-content\/uploads\/2025\/01\/PHOTO-2024-12-19-20-34-24-1024x691.jpg 1024w, https:\/\/t\u00fcrksporeppingen.de\/wp-content\/uploads\/2025\/01\/PHOTO-2024-12-19-20-34-24-300x202.jpg 300w, https:\/\/t\u00fcrksporeppingen.de\/wp-content\/uploads\/2025\/01\/PHOTO-2024-12-19-20-34-24-768x518.jpg 768w, https:\/\/t\u00fcrksporeppingen.de\/wp-content\/uploads\/2025\/01\/PHOTO-2024-12-19-20-34-24-128x86.jpg 128w, https:\/\/t\u00fcrksporeppingen.de\/wp-content\/uploads\/2025\/01\/PHOTO-2024-12-19-20-34-24-32x22.jpg 32w, https:\/\/t\u00fcrksporeppingen.de\/wp-content\/uploads\/2025\/01\/PHOTO-2024-12-19-20-34-24.jpg 1170w\" sizes=\"(max-width: 1024px) 100vw, 1024px\" \/>\t\t\t\t\t\t\t\t\t\t\t\t\t\t\t<\/div>\n\t\t\t\t<\/div>\n\t\t\t\t\t<\/div>\n\t\t\t\t<\/div>\n\t\t<div class=\"elementor-element elementor-element-b333899 e-flex e-con-boxed e-con e-parent\" data-id=\"b333899\" data-element_type=\"container\">\n\t\t\t\t\t<div class=\"e-con-inner\">\n\t\t\t\t<div class=\"elementor-element elementor-element-9bf3e3a elementor-widget elementor-widget-text-editor\" data-id=\"9bf3e3a\" data-element_type=\"widget\" data-widget_type=\"text-editor.default\">\n\t\t\t\t<div class=\"elementor-widget-container\">\n\t\t\t\t\t\t\t\t\t<p><strong>Bereiche, in denen wir aktiv sind:<\/strong><\/p><ul><li>Liga-Wettbewerbe<\/li><li>Pokalspiele<\/li><li>Stadtmeisterschaften<\/li><li>Turniere<\/li><li>Stadtfeste und Vereinveranstaltungen<\/li><li>Soziale und gemeinn\u00fctzige Aktionen<\/li><li>Trainings- und Freizeitaktivit\u00e4ten<\/li><li>Gemeinschaftsevents f\u00fcr Mitglieder und Fans<\/li><\/ul><p>\u00a0<\/p>\t\t\t\t\t\t\t\t<\/div>\n\t\t\t\t<\/div>\n\t\t\t\t\t<\/div>\n\t\t\t\t<\/div>\n\t\t<div class=\"elementor-element elementor-element-b3e552b e-flex e-con-boxed e-con e-parent\" data-id=\"b3e552b\" data-element_type=\"container\">\n\t\t\t\t\t<div class=\"e-con-inner\">\n\t\t\t\t<div class=\"elementor-element elementor-element-3d6da17 elementor-widget elementor-widget-heading\" data-id=\"3d6da17\" data-element_type=\"widget\" data-widget_type=\"heading.default\">\n\t\t\t\t<div class=\"elementor-widget-container\">\n\t\t\t\t\t<h2 class=\"elementor-heading-title elementor-size-default\">Erfolge<\/h2>\t\t\t\t<\/div>\n\t\t\t\t<\/div>\n\t\t\t\t\t<\/div>\n\t\t\t\t<\/div>\n\t\t<div class=\"elementor-element elementor-element-2824856 e-flex e-con-boxed e-con e-parent\" data-id=\"2824856\" data-element_type=\"container\">\n\t\t\t\t\t<div class=\"e-con-inner\">\n\t\t\t\t<div class=\"elementor-element elementor-element-28a0d0b elementor-widget elementor-widget-text-editor\" data-id=\"28a0d0b\" data-element_type=\"widget\" data-widget_type=\"text-editor.default\">\n\t\t\t\t<div class=\"elementor-widget-container\">\n\t\t\t\t\t\t\t\t\t<p>Erfolge motivieren uns, Ziele leiten uns &#8211; gemeinsam erreichen wir Gro\u00dfes!<\/p>\t\t\t\t\t\t\t\t<\/div>\n\t\t\t\t<\/div>\n\t\t\t\t\t<\/div>\n\t\t\t\t<\/div>\n\t\t<div class=\"elementor-element elementor-element-de7b5e8 e-flex e-con-boxed e-con e-parent\" data-id=\"de7b5e8\" data-element_type=\"container\">\n\t\t\t\t\t<div class=\"e-con-inner\">\n\t\t\t\t<div class=\"elementor-element elementor-element-7f2a807 elementor-widget elementor-widget-text-editor\" data-id=\"7f2a807\" data-element_type=\"widget\" data-widget_type=\"text-editor.default\">\n\t\t\t\t<div class=\"elementor-widget-container\">\n\t\t\t\t\t\t\t\t\t<p><img decoding=\"async\" class=\"size-full wp-image-1826 alignright\" src=\"https:\/\/t\u00fcrksporeppingen.de\/wp-content\/uploads\/2025\/01\/Spieler-1.jpg\" alt=\"\" width=\"612\" height=\"458\" \/><strong>1995<\/strong><\/p><ul><li>Gr\u00fcndung des Vereins T\u00fcrkspor Eppingen.<\/li><li>Vereinsfarben: Rot, Wei\u00df<\/li><\/ul><p><strong>2011\/12<\/strong><\/p><ul><li>Meister in der Kreisklasse B<\/li><li>Stadtmeister in Eppingen<\/li><li>Torrekord in Baden W\u00fcrttemberg: 122 Tore<\/li><\/ul><p><strong>2012\/13<\/strong><\/p><ul><li>Meister in der Kreisklasse A<\/li><li>erneuter Stadtmeister in Eppingen<\/li><\/ul><p><strong>2023\/24<\/strong><\/p><ul><li>Aufstieg durch Relegation in die Kreisliga<\/li><li>Tore: 121<\/li><li>Siegesserie von 14 Spielen<\/li><\/ul>\t\t\t\t\t\t\t\t<\/div>\n\t\t\t\t<\/div>\n\t\t\t\t\t<\/div>\n\t\t\t\t<\/div>\n\t\t<div class=\"elementor-element elementor-element-51e3cd4 e-flex e-con-boxed e-con e-parent\" data-id=\"51e3cd4\" data-element_type=\"container\">\n\t\t\t\t\t<div class=\"e-con-inner\">\n\t\t\t\t<div class=\"elementor-element elementor-element-3e0b752 elementor-widget elementor-widget-heading\" data-id=\"3e0b752\" data-element_type=\"widget\" data-widget_type=\"heading.default\">\n\t\t\t\t<div class=\"elementor-widget-container\">\n\t\t\t\t\t<h2 class=\"elementor-heading-title elementor-size-default\">Mitglied werden<\/h2>\t\t\t\t<\/div>\n\t\t\t\t<\/div>\n\t\t\t\t<div class=\"elementor-element elementor-element-7839e85 elementor-widget elementor-widget-heading\" data-id=\"7839e85\" data-element_type=\"widget\" data-widget_type=\"heading.default\">\n\t\t\t\t<div class=\"elementor-widget-container\">\n\t\t\t\t\t<h2 class=\"elementor-heading-title elementor-size-default\">Clubhaus<\/h2>\t\t\t\t<\/div>\n\t\t\t\t<\/div>\n\t\t\t\t\t<\/div>\n\t\t\t\t<\/div>\n\t\t\t\t<\/div>\n\t\t","protected":false},"excerpt":{"rendered":"<p>Geschichte des Vereins T\u00fcrkspor Eppingen Seit 1995 in Eppingen aktiv, steht unsere Mannschaft f\u00fcr Leidenschaft, Zusammenhalt und Erfolg. Mit einer starken Gemeinschaft und einem gro\u00dfen Einzugsgebiet sind wir \u00fcber die Stadtgrenzen hinaus bekannt.Ob Liga, Pokal, Stadtmeisterschaften oder Turniere \u2013 wir geben alles und feiern gemeinsam. Auch bei Stadtfesten, Vereins- und sozialen Events leben wir unseren [&hellip;]<\/p>\n","protected":false},"author":1,"featured_media":0,"parent":0,"menu_order":0,"comment_status":"closed","ping_status":"closed","template":"","meta":{"site-sidebar-layout":"no-sidebar","site-content-layout":"page-builder","ast-site-content-layout":"full-width-container","site-content-style":"default","site-sidebar-style":"default","ast-global-header-display":"","ast-banner-title-visibility":"","ast-main-header-display":"","ast-hfb-above-header-display":"","ast-hfb-below-header-display":"","ast-hfb-mobile-header-display":"","site-post-title":"disabled","ast-breadcrumbs-content":"","ast-featured-img":"disabled","footer-sml-layout":"","theme-transparent-header-meta":"","adv-header-id-meta":"","stick-header-meta":"","header-above-stick-meta":"","header-main-stick-meta":"","header-below-stick-meta":"","astra-migrate-meta-layouts":"default","ast-page-background-enabled":"default","ast-page-background-meta":{"desktop":{"background-color":"var(--ast-global-color-4)","background-image":"","background-repeat":"repeat","background-position":"center center","background-size":"auto","background-attachment":"scroll","background-type":"","background-media":"","overlay-type":"","overlay-color":"","overlay-opacity":"","overlay-gradient":""},"tablet":{"background-color":"","background-image":"","background-repeat":"repeat","background-position":"center center","background-size":"auto","background-attachment":"scroll","background-type":"","background-media":"","overlay-type":"","overlay-color":"","overlay-opacity":"","overlay-gradient":""},"mobile":{"background-color":"","background-image":"","background-repeat":"repeat","background-position":"center center","background-size":"auto","background-attachment":"scroll","background-type":"","background-media":"","overlay-type":"","overlay-color":"","overlay-opacity":"","overlay-gradient":""}},"ast-content-background-meta":{"desktop":{"background-color":"var(--ast-global-color-5)","background-image":"","background-repeat":"repeat","background-position":"center center","background-size":"auto","background-attachment":"scroll","background-type":"","background-media":"","overlay-type":"","overlay-color":"","overlay-opacity":"","overlay-gradient":""},"tablet":{"background-color":"var(--ast-global-color-5)","background-image":"","background-repeat":"repeat","background-position":"center center","background-size":"auto","background-attachment":"scroll","background-type":"","background-media":"","overlay-type":"","overlay-color":"","overlay-opacity":"","overlay-gradient":""},"mobile":{"background-color":"var(--ast-global-color-5)","background-image":"","background-repeat":"repeat","background-position":"center center","background-size":"auto","background-attachment":"scroll","background-type":"","background-media":"","overlay-type":"","overlay-color":"","overlay-opacity":"","overlay-gradient":""}},"footnotes":""},"class_list":["post-16","page","type-page","status-publish","hentry"],"yoast_head":"<!-- This site is optimized with the Yoast SEO plugin v24.3 - https:\/\/yoast.com\/wordpress\/plugins\/seo\/ -->\n<title>Verein - Eppingen T\u00fcrkspor 1995 e.V.<\/title>\n<meta name=\"robots\" content=\"index, follow, max-snippet:-1, max-image-preview:large, max-video-preview:-1\" \/>\n<link rel=\"canonical\" href=\"https:\/\/xn--trksporeppingen-zvb.de\/?page_id=16\" \/>\n<meta property=\"og:locale\" content=\"de_DE\" \/>\n<meta property=\"og:type\" content=\"article\" \/>\n<meta property=\"og:title\" content=\"Verein - Eppingen T\u00fcrkspor 1995 e.V.\" \/>\n<meta property=\"og:description\" content=\"Geschichte des Vereins T\u00fcrkspor Eppingen Seit 1995 in Eppingen aktiv, steht unsere Mannschaft f\u00fcr Leidenschaft, Zusammenhalt und Erfolg. Mit einer starken Gemeinschaft und einem gro\u00dfen Einzugsgebiet sind wir \u00fcber die Stadtgrenzen hinaus bekannt.Ob Liga, Pokal, Stadtmeisterschaften oder Turniere \u2013 wir geben alles und feiern gemeinsam. Auch bei Stadtfesten, Vereins- und sozialen Events leben wir unseren [&hellip;]\" \/>\n<meta property=\"og:url\" content=\"https:\/\/xn--trksporeppingen-zvb.de\/?page_id=16\" \/>\n<meta property=\"og:site_name\" content=\"Eppingen T\u00fcrkspor 1995 e.V.\" \/>\n<meta property=\"article:modified_time\" content=\"2025-01-30T19:49:38+00:00\" \/>\n<meta name=\"twitter:card\" content=\"summary_large_image\" \/>\n<meta name=\"twitter:label1\" content=\"Gesch\u00e4tzte Lesezeit\" \/>\n\t<meta name=\"twitter:data1\" content=\"2\u00a0Minuten\" \/>\n<script type=\"application\/ld+json\" class=\"yoast-schema-graph\">{\"@context\":\"https:\/\/schema.org\",\"@graph\":[{\"@type\":\"WebPage\",\"@id\":\"https:\/\/xn--trksporeppingen-zvb.de\/?page_id=16\",\"url\":\"https:\/\/xn--trksporeppingen-zvb.de\/?page_id=16\",\"name\":\"Verein - Eppingen T\u00fcrkspor 1995 e.V.\",\"isPartOf\":{\"@id\":\"https:\/\/xn--trksporeppingen-zvb.de\/#website\"},\"datePublished\":\"2025-01-26T17:37:58+00:00\",\"dateModified\":\"2025-01-30T19:49:38+00:00\",\"breadcrumb\":{\"@id\":\"https:\/\/xn--trksporeppingen-zvb.de\/?page_id=16#breadcrumb\"},\"inLanguage\":\"de\",\"potentialAction\":[{\"@type\":\"ReadAction\",\"target\":[\"https:\/\/xn--trksporeppingen-zvb.de\/?page_id=16\"]}]},{\"@type\":\"BreadcrumbList\",\"@id\":\"https:\/\/xn--trksporeppingen-zvb.de\/?page_id=16#breadcrumb\",\"itemListElement\":[{\"@type\":\"ListItem\",\"position\":1,\"name\":\"Startseite\",\"item\":\"https:\/\/xn--trksporeppingen-zvb.de\/\"},{\"@type\":\"ListItem\",\"position\":2,\"name\":\"Verein\"}]},{\"@type\":\"WebSite\",\"@id\":\"https:\/\/xn--trksporeppingen-zvb.de\/#website\",\"url\":\"https:\/\/xn--trksporeppingen-zvb.de\/\",\"name\":\"Eppingen T\u00fcrkspor 1995 e.V.\",\"description\":\"\",\"publisher\":{\"@id\":\"https:\/\/xn--trksporeppingen-zvb.de\/#organization\"},\"potentialAction\":[{\"@type\":\"SearchAction\",\"target\":{\"@type\":\"EntryPoint\",\"urlTemplate\":\"https:\/\/xn--trksporeppingen-zvb.de\/?s={search_term_string}\"},\"query-input\":{\"@type\":\"PropertyValueSpecification\",\"valueRequired\":true,\"valueName\":\"search_term_string\"}}],\"inLanguage\":\"de\"},{\"@type\":\"Organization\",\"@id\":\"https:\/\/xn--trksporeppingen-zvb.de\/#organization\",\"name\":\"Eppingen T\u00fcrkspor 1995 e.V.\",\"url\":\"https:\/\/xn--trksporeppingen-zvb.de\/\",\"logo\":{\"@type\":\"ImageObject\",\"inLanguage\":\"de\",\"@id\":\"https:\/\/xn--trksporeppingen-zvb.de\/#\/schema\/logo\/image\/\",\"url\":\"https:\/\/t\u00fcrksporeppingen.de\/wp-content\/uploads\/2025\/01\/Tuerkspor-Logo.png\",\"contentUrl\":\"https:\/\/t\u00fcrksporeppingen.de\/wp-content\/uploads\/2025\/01\/Tuerkspor-Logo.png\",\"width\":135,\"height\":159,\"caption\":\"Eppingen T\u00fcrkspor 1995 e.V.\"},\"image\":{\"@id\":\"https:\/\/xn--trksporeppingen-zvb.de\/#\/schema\/logo\/image\/\"}}]}<\/script>\n<!-- \/ Yoast SEO plugin. -->","yoast_head_json":{"title":"Verein - Eppingen T\u00fcrkspor 1995 e.V.","robots":{"index":"index","follow":"follow","max-snippet":"max-snippet:-1","max-image-preview":"max-image-preview:large","max-video-preview":"max-video-preview:-1"},"canonical":"https:\/\/xn--trksporeppingen-zvb.de\/?page_id=16","og_locale":"de_DE","og_type":"article","og_title":"Verein - Eppingen T\u00fcrkspor 1995 e.V.","og_description":"Geschichte des Vereins T\u00fcrkspor Eppingen Seit 1995 in Eppingen aktiv, steht unsere Mannschaft f\u00fcr Leidenschaft, Zusammenhalt und Erfolg. Mit einer starken Gemeinschaft und einem gro\u00dfen Einzugsgebiet sind wir \u00fcber die Stadtgrenzen hinaus bekannt.Ob Liga, Pokal, Stadtmeisterschaften oder Turniere \u2013 wir geben alles und feiern gemeinsam. Auch bei Stadtfesten, Vereins- und sozialen Events leben wir unseren [&hellip;]","og_url":"https:\/\/xn--trksporeppingen-zvb.de\/?page_id=16","og_site_name":"Eppingen T\u00fcrkspor 1995 e.V.","article_modified_time":"2025-01-30T19:49:38+00:00","twitter_card":"summary_large_image","twitter_misc":{"Gesch\u00e4tzte Lesezeit":"2\u00a0Minuten"},"schema":{"@context":"https:\/\/schema.org","@graph":[{"@type":"WebPage","@id":"https:\/\/xn--trksporeppingen-zvb.de\/?page_id=16","url":"https:\/\/xn--trksporeppingen-zvb.de\/?page_id=16","name":"Verein - Eppingen T\u00fcrkspor 1995 e.V.","isPartOf":{"@id":"https:\/\/xn--trksporeppingen-zvb.de\/#website"},"datePublished":"2025-01-26T17:37:58+00:00","dateModified":"2025-01-30T19:49:38+00:00","breadcrumb":{"@id":"https:\/\/xn--trksporeppingen-zvb.de\/?page_id=16#breadcrumb"},"inLanguage":"de","potentialAction":[{"@type":"ReadAction","target":["https:\/\/xn--trksporeppingen-zvb.de\/?page_id=16"]}]},{"@type":"BreadcrumbList","@id":"https:\/\/xn--trksporeppingen-zvb.de\/?page_id=16#breadcrumb","itemListElement":[{"@type":"ListItem","position":1,"name":"Startseite","item":"https:\/\/xn--trksporeppingen-zvb.de\/"},{"@type":"ListItem","position":2,"name":"Verein"}]},{"@type":"WebSite","@id":"https:\/\/xn--trksporeppingen-zvb.de\/#website","url":"https:\/\/xn--trksporeppingen-zvb.de\/","name":"Eppingen T\u00fcrkspor 1995 e.V.","description":"","publisher":{"@id":"https:\/\/xn--trksporeppingen-zvb.de\/#organization"},"potentialAction":[{"@type":"SearchAction","target":{"@type":"EntryPoint","urlTemplate":"https:\/\/xn--trksporeppingen-zvb.de\/?s={search_term_string}"},"query-input":{"@type":"PropertyValueSpecification","valueRequired":true,"valueName":"search_term_string"}}],"inLanguage":"de"},{"@type":"Organization","@id":"https:\/\/xn--trksporeppingen-zvb.de\/#organization","name":"Eppingen T\u00fcrkspor 1995 e.V.","url":"https:\/\/xn--trksporeppingen-zvb.de\/","logo":{"@type":"ImageObject","inLanguage":"de","@id":"https:\/\/xn--trksporeppingen-zvb.de\/#\/schema\/logo\/image\/","url":"https:\/\/t\u00fcrksporeppingen.de\/wp-content\/uploads\/2025\/01\/Tuerkspor-Logo.png","contentUrl":"https:\/\/t\u00fcrksporeppingen.de\/wp-content\/uploads\/2025\/01\/Tuerkspor-Logo.png","width":135,"height":159,"caption":"Eppingen T\u00fcrkspor 1995 e.V."},"image":{"@id":"https:\/\/xn--trksporeppingen-zvb.de\/#\/schema\/logo\/image\/"}}]}},"_links":{"self":[{"href":"https:\/\/xn--trksporeppingen-zvb.de\/index.php?rest_route=\/wp\/v2\/pages\/16","targetHints":{"allow":["GET"]}}],"collection":[{"href":"https:\/\/xn--trksporeppingen-zvb.de\/index.php?rest_route=\/wp\/v2\/pages"}],"about":[{"href":"https:\/\/xn--trksporeppingen-zvb.de\/index.php?rest_route=\/wp\/v2\/types\/page"}],"author":[{"embeddable":true,"href":"https:\/\/xn--trksporeppingen-zvb.de\/index.php?rest_route=\/wp\/v2\/users\/1"}],"replies":[{"embeddable":true,"href":"https:\/\/xn--trksporeppingen-zvb.de\/index.php?rest_route=%2Fwp%2Fv2%2Fcomments&post=16"}],"version-history":[{"count":4,"href":"https:\/\/xn--trksporeppingen-zvb.de\/index.php?rest_route=\/wp\/v2\/pages\/16\/revisions"}],"predecessor-version":[{"id":1829,"href":"https:\/\/xn--trksporeppingen-zvb.de\/index.php?rest_route=\/wp\/v2\/pages\/16\/revisions\/1829"}],"wp:attachment":[{"href":"https:\/\/xn--trksporeppingen-zvb.de\/index.php?rest_route=%2Fwp%2Fv2%2Fmedia&parent=16"}],"curies":[{"name":"wp","href":"https:\/\/api.w.org\/{rel}","templated":true}]}}